ghest common divisor of 72 and c.
24
Let v be 25*(46/5 - 5). What is the highest common divisor of 30 and v?
15
Let q(w) = 2*w**3 - 3*w**2 - 2*w + 2. Let p be q(3). Let g = -27 - -32. Let r be g/40 - 8092/(-32). Calculate the greatest common divisor of p and r.
23
Let y(m) = -8*m**2 + 3*m + 2. Let i be y(-1). Let l be (531/(-15) - 3)/(i/45). Calculate the highest common factor of l and 32.
32
Let x(k) = 17*k - 8 + 9*k + 3*k. Let z be x(4). Let g = 0 + 12. Calculate the greatest common factor of g and z.
12
Let u be ((-16)/14)/(32/(-112)). Suppose u*l = -2*l + 528. Suppose 3*o - 22 = 2*o. Calculate the highest common factor of o and l.
22
Let q be 640/36 + (-22)/(-99). What is the highest common divisor of q and 18?
18
Suppose 151 = 14*j + 11. What is the highest common divisor of 130 and j?
10
Let t = -230 + 242. Calculate the greatest common factor of 8 and t.
4
Let a be 135/18*(-132)/(-10). Let y be (a/(-6))/(3/(-8)). Suppose 5*v - 16 = 4. What is the greatest common factor of v and y?
4
Suppose 0 = -127*j + 136*j - 13482. Calculate the greatest common divisor of j and 14.
14
Let z be (-3)/9*33/(-1). Suppose 5*n = 5*s + 245, 4*n = 2*s + 223 - 37. Calculate the highest common divisor of n and z.
11
Let v = 2407 - 2390. What is the highest common factor of v and 493?
17
Let r(z) = -z**3 - 22*z**2 + z + 52. Let x be r(-22). What is the highest common factor of 10 and x?
10
Suppose -x - 5 + 40 = 0. Let a be x/7 - (-4 - -1). Calculate the highest common divisor of 72 and a.
8
Let j(n) = -n**2 - 16*n + 182. Let s be j(6). Suppose -3*x = x. Suppose 0 = -4*b - x*b + 300. What is the greatest common divisor of s and b?
25
Suppose -3*j = -2 - 4. Suppose j*f + 4*z - z = -5, -3*f - 4*z = 6. Calculate the greatest common divisor of 6 and f.
2
Let h = 1318 + -1291. Let b be (-2)/9 + 38/9. Let z = 5 + b. Calculate the greatest common divisor of h and z.
9
Suppose -2*f - s = -47, 2 = 2*s - 4. Let i be -2 - -2 - (-6 + 31). Let v = 30 - i. What is the greatest common divisor of v and f?
11
Suppose -11*a = -2*a - 459. Suppose 0 = -x + 61 + a. What is the greatest common divisor of 14 and x?
14
Let p(l) = 3*l + 3. Let b be p(0). Suppose -2*t + 0*t - 35 = -b*r, t = 4*r - 40. Calculate the highest common factor of 1 and r.
1
Let d(j) = -27*j - 20. Let w be d(-5). What is the greatest common divisor of w and 5?
5
Let w(q) = 62*q**3 + q**2 + q - 1. Let l be w(1). Suppose 5*o + 752 = -3*o. Let s = -85 - o. Calculate the highest common factor of l and s.
9
Suppose 0 = 5*i - 41 - 9. Let p = -4 - -6. Suppose -p*w - 53 = -0*f - 3*f, -5*w - 20 = 0. What is the highest common factor of f and i?
5
Let d be (-22)/(-2)*(0 - -1). Let s(l) = -l**3 - 8*l**2 + 7*l + 4. Let m be s(-9). Calculate the greatest common divisor of d and m.
11
Suppose 118 - 373 = -15*i. What is the highest common divisor of 799 and i?
17
Let y(w) = 8*w**3 + w**2. Let h be y(1). Suppose -u + h = -1. What is the highest common factor of 6 and u?
2
Let s be 2/((-1)/15*(7 + -9)). What is the highest common divisor of 30 and s?
15
Suppose 0 = -5*c + 66 + 89. Suppose 3*s + h - 463 = 0, -4*h + 147 = 3*s - 2*s. What is the greatest common divisor of s and c?
31
Suppose 50 = 3*a - 10. Let j(f) = -f**3 - 42*f**2 + f + 62. Let b be j(-42). What is the greatest common divisor of a and b?
20
Let t be 2845/(-25) - 1/5. Suppose -5*j = 185 + 85. Let w = j - t. Calculate the greatest common divisor of w and 20.
20
Let x be (-899)/(-9) + (-2)/(-18). Calculate the greatest common divisor of 5 and x.
5
Suppose 0 = 4*v + 2*c - 768, 3*c - 187 = 4*v - 955. Let p be (v/20)/(4/110). Suppose z = 3*z - p. What is the highest common divisor of 12 and z?
12
Suppose 8*b - 207 = 369. Calculate the highest common factor of 3 and b.
3
Suppose 5*y = -3*a + 1 + 3, 4*a = 2*y - 12. Suppose 4*u - 52 = y*x + 2*x, 3*x = -3*u - 27. Let p = -6 - x. What is the greatest common divisor of p and 10?
5
Let a(u) be the third derivative of u**4/24 + 4*u**3/3 + 2*u**2 + 7. Let q be a(6). Calculate the greatest common divisor of q and 7.
7
Let w(v) be the second derivative of v**5/20 - 7*v**4/12 - 11*v**3/6 + 17*v**2/2 + 18*v. Let d be w(9). What is the highest common factor of d and 10?
10
Suppose 6*h = 5*h + 260. Suppose 2*b + h = 4*u, -3*b + 0*b = 4*u - 240. Let q(j) = -3*j - 6. Let x be q(-5). What is the greatest common factor of x and u?
9
Let x(y) = -14*y + 193. Let p be x(-10). What is the greatest common factor of 148 and p?
37
Let t be 1/((-12 + 11)/((-53)/1)). Suppose 0 = t*h - 55*h + 64. What is the greatest common factor of 16 and h?
16
Let j(v) = v**3 - 22*v**2 + v + 2. Let z be j(22). Calculate the highest common factor of 32 and z.
8
Let s = -98 + 95. Let c(a) = -2*a**3 - a + 2. Let q be c(s). What is the greatest common factor of q and 472?
59
Suppose -3*s = -s - 4*j - 110, 3*s - 160 = 5*j. What is the highest common divisor of 36 and s?
9
Suppose u = -2*u + 171. Let n = 28 + -25. Let w be ((-4)/6 - 112/n)/(-1). Calculate the greatest common factor of u and w.
19
Let p(x) = 31*x - 7. Let t be p(1). Suppose 4*z - 15 = 49. What is the highest common divisor of z and t?
8
Let b be 403/93 - 2/6. Calculate the greatest common divisor of 52 and b.
4
Let q be (-90)/(-405) + -2 + (-277)/(-9). Calculate the greatest common factor of 1102 and q.
29
Let o = -107 - -82. Let n be ((-40)/o)/(1/60). Calculate the highest common divisor of n and 32.
32
Suppose -45 - 38 = -y. Suppose -g - 29 = -y. What is the highest common divisor of 6 and g?
6
Let w(s) = 6 - 5 + s**2 + 0*s**2. Let h be w(-2). Calculate the greatest common divisor of h and 25.
5
Suppose -2*j = -3*j + 5*g + 20, -j - 25 = 4*g. Let s = j - -8. Let d be 10*(6/s - -9). What is the greatest common divisor of 22 and d?
22
Let d be (-33030)/(-48) - 5/40. Calculate the highest common divisor of 64 and d.
16
Suppose 24 = j + 21. What is the greatest common factor of j and 39?
3
Suppose 0 = -8*n - 12*n + 9240. Calculate the highest common divisor of 132 and n.
66
Let k(s) = -11 + 0 + s + s. Let v be (-16)/6*(-4 - -1). Let f be k(v). What is the greatest common divisor of f and 40?
5
Let n(o) = -10*o**2 - 228*o + 30. Let z be n(-21). What is the greatest common divisor of z and 6?
6
Let p(k) = k**3 + 15*k**2 - 87*k + 39. Let q be p(-19). What is the highest common factor of 341 and q?
31
Let c = 129 + -49. Let v = 192 - c. Let a be -32*(10/4)/(-5). Calculate the greatest common factor of a and v.
16
Suppose 0 = r - 5*z + 21, 2*r + 3*z - 28 = -5. Calculate the greatest common divisor of r and 52.
4
Let p(r) = r - 12. Let a be p(10). Let y be -1 - (a - (-2)/(-2)). Suppose -3*k + 28 = 5*l, -3*l = 2*k - 14 - y. What is the highest common factor of l and 8?
8
Suppose 4*v = 3*v + 4*i - 5, 4*v = -3*i + 75. Let p(b) = -b**2 + 17*b - 17. Let m be p(v). What is the highest common factor of 26 and m?
13
Let f(j) be the third derivative of -j**6/120 + 3*j**5/20 - j**4/8 + 5*j**3/3 + 6*j**2. Let o be f(8). What is the highest common divisor of 5 and o?
5
Let c(a) be the first derivative of a**3/3 + 4*a**2 + a - 2. Let t be c(-8). Let f be -52*(t + (-1 - 2)). Calculate the greatest common divisor of f and 13.
13
Suppose -16*y - 147 = -611. Calculate the highest common divisor of y and 261.
29
Let g(m) = -m**3 + 11*m**2 - 9*m - 6. Suppose 3 = h - 7. Let r be g(h). Suppose -a - 72 = -r*a. Calculate the greatest common factor of a and 60.
12
Suppose -5*m - 409 = 5*d - m, -m = -d - 80. Let x = d + 127. Let t(c) = c**2 - c - 49. Let a be t(-8). What is the highest common factor of x and a?
23
Let w(r) = -9*r - 7. Suppose 43*n = 45*n + 16. Let u be w(n). Calculate the greatest common divisor of u and 26.
13
Let p(x) = -4*x**2 + 59*x. Let d be p(12). What is the greatest common divisor of 192 and d?
12
Let q(n) = -3*n**2 - 9*n - 28. Let o(l) = -4*l**2 - 9*l - 28. Let y(u) = 2*o(u) - 3*q(u). Let b be y(-6). Calculate the greatest common factor of b and 110.
10
Let d = 1419 + -1324. Calculate the greatest common divisor of 19 and d.
19
Let h = 71 - 111. Let s = 72 + h. Calculate the greatest common factor of s and 4.
4
Suppose 0 = -528*c + 532*c - 96. Calculate the greatest common factor of 24 and c.
24
Let k(t) = -t**3 - 10*t**2 + 4*t - 12. Let c be k(-11). Let o = -35 + c. Suppose -y = -4*y + o. Calculate the g